{"id":1266,"date":"2015-08-04T20:23:53","date_gmt":"2015-08-04T20:23:53","guid":{"rendered":"https:\/\/webwewant.org\/fr\/?page_id=1266"},"modified":"2016-01-08T14:26:47","modified_gmt":"2016-01-08T14:26:47","slug":"a-propos","status":"publish","type":"page","link":"https:\/\/webwewant.org\/fr\/a-propos\/","title":{"rendered":"A propos"},"content":{"rendered":"<p class=\"p1\">Le Web nous appartient, \u00e0 nous tous : Web We Want est une coalition mondiale de personnes et de groupes qui travaillent ensemble \u00e0 la construction d&#8217;un Web meilleur pour chacun. Le nombre croissant de menaces contre l&#8217;existence m\u00eame d&#8217;un Web ouvert nous inqui\u00e8te. Menaces telles que la censure, la surveillance, les concentrations de pouvoir. \u00a0Mais nous savons qu&#8217;en travaillant ensemble, nous pouvons cr\u00e9er le Web que nous souhaitons tous. Nous prenons part \u00e0 cette tache en soutenant et en cr\u00e9ant des campagnes destin\u00e9es \u00e0 encourager la libre circulation de l&#8217;information et des id\u00e9es tout autour du monde.<\/p>\n<p class=\"p3\">Pour ce faire, nous proposons des mini-bourses, nous offrons \u00e0 ceux qui agissent pour \u00a0le futur du Web l&#8217;exp\u00e9rience et les connaissances de notre communaut\u00e9 ainsi que des ressources. Nous travaillons avec des groupes d&#8217;int\u00e9r\u00eat ext\u00e9rieur \u00e0 la \u201csph\u00e8re num\u00e9rique\u201d et avec des personnes qui ne se d\u00e9criraient pas comme des \u201cgeeks\u201d. Nos plus de <a href=\"http:\/\/devwww.wpengine.com\/members\/\"><span class=\"s1\">100 membres<\/span><\/a> sont originaires de plus de 50 pays dans le monde entier et nos langues de travail sont multiples.<\/p>\n<p class=\"p3\">Web We Want est une initiative de la <a href=\"http:\/\/webfoundation.org\/\"><span class=\"s1\">Fondation World Wide Web<\/span><\/a> \u00a0une organisation internationale et sans but lucratif fond\u00e9e par l&#8217;inventeur du Web, <a href=\"http:\/\/webfoundation.org\/about\/sir-tim-berners-lee\/\"><span class=\"s1\">Sir Tim Berners-Lee<\/span><\/a>. La \u00a0Web Foundation a des relais au Cap, \u00e0 Jakarta, \u00e0 Londres et Washington DC.<\/p>\n<p class=\"p4\"><strong>Nos principes<\/strong><\/p>\n<p class=\"p3\">Nous d\u00e9fendons le Web en tant que bien public et droit fondamental, en tant que catalyseur pour la justice sociale et les droits humains.<\/p>\n<p class=\"p3\">Nous croyons :<\/p>\n<ul>\n<li class=\"p3\">en la libert\u00e9 d&#8217;expression en ligne et hors ligne<\/li>\n<li class=\"p3\">\u00a0\u00e0 un acc\u00e8s \u00e0 Internet \u00e0 un prix abordable pour tous<\/li>\n<li class=\"p3\">au respect de la vie priv\u00e9e de chacun et \u00e0 la confidentialit\u00e9 des communications de chacun<\/li>\n<li class=\"p3\">\u00e0 un Web qui devrait \u00eatre diversifi\u00e9, d\u00e9centralis\u00e9 et ouvert<\/li>\n<li class=\"p3\">au fait qu&#8217;aucun utilisateur ou contenu ne devrait \u00eatre privil\u00e9gi\u00e9 par rapport \u00e0 d&#8217;autres (neutralit\u00e9 du Net)<\/li>\n<\/ul>\n<p class=\"p3\">Faites la connaissance de notre <a href=\"http:\/\/devwww.wpengine.com\/about\/team\/\"><span class=\"s1\">Equipe<\/span><\/a>, de nos <a href=\"http:\/\/devwww.wpengine.com\/partners\/\"><span class=\"s1\">Partenaires<\/span><\/a><span class=\"s2\">,<\/span> de nos <a href=\"http:\/\/devwww.wpengine.com\/grants\/grantees\/\"><span class=\"s1\">boursiers<\/span><\/a>, et abonnez-vous \u00e0 notre lettre d&#8217;information pour rester en contact. Si vous pensez que nous pouvons vous aider, n&#8217;h\u00e9sitez pas \u00e0 <a href=\"http:\/\/devwww.wpengine.com\/contact\/\"><span class=\"s1\">nous contacter<\/span><\/a>.<\/p>\n","protected":false},"excerpt":{"rendered":"<p>Le Web nous appartient, \u00e0 nous tous : Web We Want est une coalition mondiale de personnes et de groupes qui travaillent ensemble \u00e0 la construction d&#8217;un Web meilleur pour chacun. Le nombre croissant de menaces contre l&#8217;existence m\u00eame d&#8217;un Web ouvert nous inqui\u00e8te. Menaces telles que la censure, la surveillance, les concentrations de pouvoir. [&hellip;]<\/p>\n","protected":false},"author":5,"featured_media":0,"parent":0,"menu_order":0,"comment_status":"closed","ping_status":"closed","template":"","meta":{"footnotes":""},"class_list":["post-1266","page","type-page","status-publish","hentry"],"_links":{"self":[{"href":"https:\/\/webwewant.org\/fr\/wp-json\/wp\/v2\/pages\/1266"}],"collection":[{"href":"https:\/\/webwewant.org\/fr\/wp-json\/wp\/v2\/pages"}],"about":[{"href":"https:\/\/webwewant.org\/fr\/wp-json\/wp\/v2\/types\/page"}],"author":[{"embeddable":true,"href":"https:\/\/webwewant.org\/fr\/wp-json\/wp\/v2\/users\/5"}],"replies":[{"embeddable":true,"href":"https:\/\/webwewant.org\/fr\/wp-json\/wp\/v2\/comments?post=1266"}],"version-history":[{"count":0,"href":"https:\/\/webwewant.org\/fr\/wp-json\/wp\/v2\/pages\/1266\/revisions"}],"wp:attachment":[{"href":"https:\/\/webwewant.org\/fr\/wp-json\/wp\/v2\/media?parent=1266"}],"curies":[{"name":"wp","href":"https:\/\/api.w.org\/{rel}","templated":true}]}}

<p class="p1">Le Web nous appartient, à nous tous : Web We Want est une coalition mondiale de personnes et de groupes qui travaillent ensemble à la construction d&#8217;un Web meilleur pour chacun. Le nombre croissant de menaces contre l&#8217;existence même d&#8217;un Web ouvert nous inquiète. Menaces telles que la censure, la surveillance, les concentrations de pouvoir.  Mais nous savons qu&#8217;en travaillant ensemble, nous pouvons créer le Web que nous souhaitons tous. Nous prenons part à cette tache en soutenant et en créant des campagnes destinées à encourager la libre circulation de l&#8217;information et des idées tout autour du monde.</p>
<p class="p3">Pour ce faire, nous proposons des mini-bourses, nous offrons à ceux qui agissent pour  le futur du Web l&#8217;expérience et les connaissances de notre communauté ainsi que des ressources. Nous travaillons avec des groupes d&#8217;intérêt extérieur à la “sphère numérique” et avec des personnes qui ne se décriraient pas comme des “geeks”. Nos plus de <a href="http://devwww.wpengine.com/members/"><span class="s1">100 membres</span></a> sont originaires de plus de 50 pays dans le monde entier et nos langues de travail sont multiples.</p>
<p class="p3">Web We Want est une initiative de la <a href="http://webfoundation.org/"><span class="s1">Fondation World Wide Web</span></a>  une organisation internationale et sans but lucratif fondée par l&#8217;inventeur du Web, <a href="http://webfoundation.org/about/sir-tim-berners-lee/"><span class="s1">Sir Tim Berners-Lee</span></a>. La  Web Foundation a des relais au Cap, à Jakarta, à Londres et Washington DC.</p>
<p class="p4"><strong>Nos principes</strong></p>
<p class="p3">Nous défendons le Web en tant que bien public et droit fondamental, en tant que catalyseur pour la justice sociale et les droits humains.</p>
<p class="p3">Nous croyons :</p>
<ul>
<li class="p3">en la liberté d&#8217;expression en ligne et hors ligne</li>
<li class="p3"> à un accès à Internet à un prix abordable pour tous</li>
<li class="p3">au respect de la vie privée de chacun et à la confidentialité des communications de chacun</li>
<li class="p3">à un Web qui devrait être diversifié, décentralisé et ouvert</li>
<li class="p3">au fait qu&#8217;aucun utilisateur ou contenu ne devrait être privilégié par rapport à d&#8217;autres (neutralité du Net)</li>
</ul>
<p class="p3">Faites la connaissance de notre <a href="http://devwww.wpengine.com/about/team/"><span class="s1">Equipe</span></a>, de nos <a href="http://devwww.wpengine.com/partners/"><span class="s1">Partenaires</span></a><span class="s2">,</span> de nos <a href="http://devwww.wpengine.com/grants/grantees/"><span class="s1">boursiers</span></a>, et abonnez-vous à notre lettre d&#8217;information pour rester en contact. Si vous pensez que nous pouvons vous aider, n&#8217;hésitez pas à <a href="http://devwww.wpengine.com/contact/"><span class="s1">nous contacter</span></a>.</p>

<p>Le Web nous appartient, à nous tous : Web We Want est une coalition mondiale de personnes et de groupes qui travaillent ensemble à la construction d&#8217;un Web meilleur pour chacun. Le nombre croissant de menaces contre l&#8217;existence même d&#8217;un Web ouvert nous inquiète. Menaces telles que la censure, la surveillance, les concentrations de pouvoir. [&hellip;]</p>
